{"id":1686,"date":"2022-11-16T18:30:07","date_gmt":"2022-11-16T17:30:07","guid":{"rendered":"https:\/\/indbg.creativweb.be\/?page_id=1686"},"modified":"2025-07-08T11:18:30","modified_gmt":"2025-07-08T09:18:30","slug":"complement-en-amenagement-dinterieur-alt","status":"publish","type":"page","link":"https:\/\/indbg.be\/secondaire\/cefa-alternance\/complement-en-amenagement-dinterieur-alt\/","title":{"rendered":"Compl\u00e9ment en agencement d\u2019int\u00e9rieur"},"content":{"rendered":"\n<p>Le m\u00e9tier d\u2019agencement d\u2019int\u00e9rieur couvre des prestations tr\u00e8s diff\u00e9rentes telles que : la r\u00e9alisation de faux plafonds, la r\u00e9alisation de cloisons, la fabrication et la pose de mobilier, l\u2019am\u00e9nagement de placards, la reconfiguration d\u2019une pi\u00e8ce existante et la pose d\u2019un recouvrement de sols en bois ou d\u00e9riv\u00e9s.<\/p>\n\n\n\n<div class=\"wpdt-c row wpDataTableContainerSimpleTable wpDataTables wpDataTablesWrapper\n\"\n    >\n        <table id=\"wpdtSimpleTable-22\"\n           style=\"border-collapse:collapse;\n                   border-spacing:0px;\"\n           class=\"wpdtSimpleTable wpDataTable\"\n           data-column=\"2\"\n           data-rows=\"7\"\n           data-wpID=\"22\"\n           data-responsive=\"0\"\n           data-has-header=\"0\">\n\n                    <tbody>        <tr class=\"wpdt-cell-row \" >\n                                <td class=\"wpdt-cell wpdt-bold wpdt-align-center wpdt-merged-cell \"\n                     colspan=\"2\"  rowspan=\"1\"                     data-cell-id=\"A1\"\n                    data-col-index=\"0\"\n                    data-row-index=\"0\"\n                    style=\" width:161.11111111111%;                    padding:10px;\n                    \"\n                    >\n                                        Formation commune                    <\/td>\n                                                    <\/tr>\n                            <tr class=\"wpdt-cell-row \" >\n                                <td class=\"wpdt-cell wpdt-align-left\"\n                                            data-cell-id=\"A2\"\n                    data-col-index=\"0\"\n                    data-row-index=\"1\"\n                    style=\"                    padding:10px;\n                    \"\n                    >\n                                        Fran\u00e7ais                    <\/td>\n                                                <td class=\"wpdt-cell wpdt-align-left\"\n                                            data-cell-id=\"B2\"\n                    data-col-index=\"1\"\n                    data-row-index=\"1\"\n                    style=\"                    padding:10px;\n                    \"\n                    >\n                                        4                    <\/td>\n                                        <\/tr>\n                            <tr class=\"wpdt-cell-row \" >\n                                <td class=\"wpdt-cell wpdt-align-left\"\n                                            data-cell-id=\"A3\"\n                    data-col-index=\"0\"\n                    data-row-index=\"2\"\n                    style=\"                    padding:10px;\n                    \"\n                    >\n                                        Formation scientifique                    <\/td>\n                                                <td class=\"wpdt-cell wpdt-align-left\"\n                                            data-cell-id=\"B3\"\n                    data-col-index=\"1\"\n                    data-row-index=\"2\"\n                    style=\"                    padding:10px;\n                    \"\n                    >\n                                        2                    <\/td>\n                                        <\/tr>\n                            <tr class=\"wpdt-cell-row \" >\n                                <td class=\"wpdt-cell wpdt-align-left\"\n                                            data-cell-id=\"A4\"\n                    data-col-index=\"0\"\n                    data-row-index=\"3\"\n                    style=\"                    padding:10px;\n                    \"\n                    >\n                                        Education physique                    <\/td>\n                                                <td class=\"wpdt-cell wpdt-align-left\"\n                                            data-cell-id=\"B4\"\n                    data-col-index=\"1\"\n                    data-row-index=\"3\"\n                    style=\"                    padding:10px;\n                    \"\n                    >\n                                        2                    <\/td>\n                                        <\/tr>\n                            <tr class=\"wpdt-cell-row \" >\n                                <td class=\"wpdt-cell wpdt-align-left\"\n                                            data-cell-id=\"A5\"\n                    data-col-index=\"0\"\n                    data-row-index=\"4\"\n                    style=\"                    padding:10px;\n                    \"\n                    >\n                                        Formation sociale et \u00e9conomique                    <\/td>\n                                                <td class=\"wpdt-cell wpdt-align-left\"\n                                            data-cell-id=\"B5\"\n                    data-col-index=\"1\"\n                    data-row-index=\"4\"\n                    style=\"                    padding:10px;\n                    \"\n                    >\n                                        2                    <\/td>\n                                        <\/tr>\n                            <tr class=\"wpdt-cell-row \" >\n                                <td class=\"wpdt-cell wpdt-bold wpdt-align-center wpdt-merged-cell \"\n                     colspan=\"2\"  rowspan=\"1\"                     data-cell-id=\"A6\"\n                    data-col-index=\"0\"\n                    data-row-index=\"5\"\n                    style=\"                    padding:10px;\n                    \"\n                    >\n                                        Compl\u00e9ment\n  en agencement d\u2019int\u00e9rieur (ALT)                    <\/td>\n                                                    <\/tr>\n                            <tr class=\"wpdt-cell-row \" >\n                                <td class=\"wpdt-cell wpdt-align-left\"\n                                            data-cell-id=\"A7\"\n                    data-col-index=\"0\"\n                    data-row-index=\"6\"\n                    style=\"                    padding:10px;\n                    \"\n                    >\n                                        Cours techniques                    <\/td>\n                                                <td class=\"wpdt-cell wpdt-align-left\"\n                                            data-cell-id=\"B7\"\n                    data-col-index=\"1\"\n                    data-row-index=\"6\"\n                    style=\"                    padding:10px;\n                    \"\n                    >\n                                        6                    <\/td>\n                                        <\/tr>\n                    <\/table>\n<\/div><style id='wpdt-custom-style-22'>\n<\/style>\n<style>\n                    \n        \/* td inner border color *\/\n    .wpdt-c.wpDataTablesWrapper table.wpDataTable.wpdtSimpleTable td,\n    .wpdt-c .wpDataTablesWrapper table.wpDataTable td {\n        border-color: #C0BFBF !important;\n    }\n                    \/* table outer border color *\/\n    .wpdt-c.wpDataTablesWrapper table.wpdtSimpleTable tr:last-child td,\n    .wpdt-c.wpDataTablesWrapper table.wpdtSimpleTable tr:last-child td.wpdt-merged-cell:last-child,\n    .wpdt-c.wpDataTablesWrapper table.wpdtSimpleTable tr:last-child td.wpdt-merged-cell,\n    .wpdt-c .wpDataTablesWrapper table.wpDataTable tr:last-child td {\n        border-bottom-color: #C0BFBF !important;\n    }\n    .wpdt-c.wpDataTablesWrapper table.wpdtSimpleTable tr td:first-child,\n    .wpdt-c .wpDataTablesWrapper table.wpDataTable tr td:first-child {\n        border-left-color: #C0BFBF !important;\n    }\n    .wpdt-c.wpDataTablesWrapper table.wpdtSimpleTable tr td:last-child,\n    .wpdt-c.wpDataTablesWrapper table.wpdtSimpleTable tr td.wpdt-merged-cell:last-child,\n    .wpdt-c .wpDataTablesWrapper table.wpDataTable tr td:last-child {\n        border-right-color: #C0BFBF !important;\n    }\n                                    .wpdt-c.wpDataTablesWrapper table.wpdtSimpleTable tr:first-child td {\n                    border-top-color: #C0BFBF !important;\n                }\n                                                                \n                <\/style>\n\n","protected":false},"excerpt":{"rendered":"<p>Le m\u00e9tier d\u2019agencement d\u2019int\u00e9rieur couvre des prestations tr\u00e8s diff\u00e9rentes telles que : la r\u00e9alisation de faux plafonds, la r\u00e9alisation de cloisons, la fabrication et la&nbsp;<a href=\"https:\/\/indbg.be\/secondaire\/cefa-alternance\/complement-en-amenagement-dinterieur-alt\/\">&hellip;<\/a><\/p>\n","protected":false},"author":2,"featured_media":0,"parent":1254,"menu_order":4,"comment_status":"closed","ping_status":"closed","template":"template-sidebar-right-childpages.php","meta":{"footnotes":""},"class_list":["post-1686","page","type-page","status-publish","hentry","odd"],"yoast_head":"<!-- This site is optimized with the Yoast SEO plugin v19.10 - https:\/\/yoast.com\/wordpress\/plugins\/seo\/ -->\n<title>Compl\u00e9ment en agencement d\u2019int\u00e9rieur - Institut Notre-Dame Beauraing<\/title>\n<meta name=\"robots\" content=\"noindex, follow, max-snippet:-1, max-image-preview:large, max-video-preview:-1\" \/>\n<meta property=\"og:locale\" content=\"fr_FR\" \/>\n<meta property=\"og:type\" content=\"article\" \/>\n<meta property=\"og:title\" content=\"Compl\u00e9ment en agencement d\u2019int\u00e9rieur - Institut Notre-Dame Beauraing\" \/>\n<meta property=\"og:description\" content=\"Le m\u00e9tier d\u2019agencement d\u2019int\u00e9rieur couvre des prestations tr\u00e8s diff\u00e9rentes telles que : la r\u00e9alisation de faux plafonds, la r\u00e9alisation de cloisons, la fabrication et la&nbsp;&hellip;\" \/>\n<meta property=\"og:url\" content=\"https:\/\/indbg.be\/secondaire\/cefa-alternance\/complement-en-amenagement-dinterieur-alt\/\" \/>\n<meta property=\"og:site_name\" content=\"Institut Notre-Dame Beauraing\" \/>\n<meta property=\"article:modified_time\" content=\"2025-07-08T09:18:30+00:00\" \/>\n<meta name=\"twitter:card\" content=\"summary_large_image\" \/>\n<meta name=\"twitter:label1\" content=\"Dur\u00e9e de lecture estim\u00e9e\" \/>\n\t<meta name=\"twitter:data1\" content=\"1 minute\" \/>\n<script type=\"application\/ld+json\" class=\"yoast-schema-graph\">{\"@context\":\"https:\/\/schema.org\",\"@graph\":[{\"@type\":\"WebPage\",\"@id\":\"https:\/\/indbg.be\/secondaire\/cefa-alternance\/complement-en-amenagement-dinterieur-alt\/\",\"url\":\"https:\/\/indbg.be\/secondaire\/cefa-alternance\/complement-en-amenagement-dinterieur-alt\/\",\"name\":\"Compl\u00e9ment en agencement d\u2019int\u00e9rieur - Institut Notre-Dame Beauraing\",\"isPartOf\":{\"@id\":\"https:\/\/indbg.be\/secondaire\/#website\"},\"datePublished\":\"2022-11-16T17:30:07+00:00\",\"dateModified\":\"2025-07-08T09:18:30+00:00\",\"breadcrumb\":{\"@id\":\"https:\/\/indbg.be\/secondaire\/cefa-alternance\/complement-en-amenagement-dinterieur-alt\/#breadcrumb\"},\"inLanguage\":\"fr-FR\",\"potentialAction\":[{\"@type\":\"ReadAction\",\"target\":[\"https:\/\/indbg.be\/secondaire\/cefa-alternance\/complement-en-amenagement-dinterieur-alt\/\"]}]},{\"@type\":\"BreadcrumbList\",\"@id\":\"https:\/\/indbg.be\/secondaire\/cefa-alternance\/complement-en-amenagement-dinterieur-alt\/#breadcrumb\",\"itemListElement\":[{\"@type\":\"ListItem\",\"position\":1,\"name\":\"Accueil\",\"item\":\"https:\/\/indbg.be\/secondaire\/\"},{\"@type\":\"ListItem\",\"position\":2,\"name\":\"7e Alternance\",\"item\":\"https:\/\/indbg.be\/secondaire\/cefa-alternance\/\"},{\"@type\":\"ListItem\",\"position\":3,\"name\":\"Compl\u00e9ment en agencement d\u2019int\u00e9rieur\"}]},{\"@type\":\"WebSite\",\"@id\":\"https:\/\/indbg.be\/secondaire\/#website\",\"url\":\"https:\/\/indbg.be\/secondaire\/\",\"name\":\"Institut Notre-Dame Beauraing\",\"description\":\"Une porte sur l&#039;avenir\",\"publisher\":{\"@id\":\"https:\/\/indbg.be\/secondaire\/#organization\"},\"potentialAction\":[{\"@type\":\"SearchAction\",\"target\":{\"@type\":\"EntryPoint\",\"urlTemplate\":\"https:\/\/indbg.be\/secondaire\/?s={search_term_string}\"},\"query-input\":\"required name=search_term_string\"}],\"inLanguage\":\"fr-FR\"},{\"@type\":\"Organization\",\"@id\":\"https:\/\/indbg.be\/secondaire\/#organization\",\"name\":\"Institut Notre-Dame Beauraing\",\"url\":\"https:\/\/indbg.be\/secondaire\/\",\"logo\":{\"@type\":\"ImageObject\",\"inLanguage\":\"fr-FR\",\"@id\":\"https:\/\/indbg.be\/secondaire\/#\/schema\/logo\/image\/\",\"url\":\"https:\/\/indbg.be\/secondaire\/wp-content\/uploads\/2022\/09\/LOGO_150px.png\",\"contentUrl\":\"https:\/\/indbg.be\/secondaire\/wp-content\/uploads\/2022\/09\/LOGO_150px.png\",\"width\":150,\"height\":91,\"caption\":\"Institut Notre-Dame Beauraing\"},\"image\":{\"@id\":\"https:\/\/indbg.be\/secondaire\/#\/schema\/logo\/image\/\"}}]}<\/script>\n<!-- \/ Yoast SEO plugin. -->","yoast_head_json":{"title":"Compl\u00e9ment en agencement d\u2019int\u00e9rieur - Institut Notre-Dame Beauraing","robots":{"index":"noindex","follow":"follow","max-snippet":"max-snippet:-1","max-image-preview":"max-image-preview:large","max-video-preview":"max-video-preview:-1"},"og_locale":"fr_FR","og_type":"article","og_title":"Compl\u00e9ment en agencement d\u2019int\u00e9rieur - Institut Notre-Dame Beauraing","og_description":"Le m\u00e9tier d\u2019agencement d\u2019int\u00e9rieur couvre des prestations tr\u00e8s diff\u00e9rentes telles que : la r\u00e9alisation de faux plafonds, la r\u00e9alisation de cloisons, la fabrication et la&nbsp;&hellip;","og_url":"https:\/\/indbg.be\/secondaire\/cefa-alternance\/complement-en-amenagement-dinterieur-alt\/","og_site_name":"Institut Notre-Dame Beauraing","article_modified_time":"2025-07-08T09:18:30+00:00","twitter_card":"summary_large_image","twitter_misc":{"Dur\u00e9e de lecture estim\u00e9e":"1 minute"},"schema":{"@context":"https:\/\/schema.org","@graph":[{"@type":"WebPage","@id":"https:\/\/indbg.be\/secondaire\/cefa-alternance\/complement-en-amenagement-dinterieur-alt\/","url":"https:\/\/indbg.be\/secondaire\/cefa-alternance\/complement-en-amenagement-dinterieur-alt\/","name":"Compl\u00e9ment en agencement d\u2019int\u00e9rieur - Institut Notre-Dame Beauraing","isPartOf":{"@id":"https:\/\/indbg.be\/secondaire\/#website"},"datePublished":"2022-11-16T17:30:07+00:00","dateModified":"2025-07-08T09:18:30+00:00","breadcrumb":{"@id":"https:\/\/indbg.be\/secondaire\/cefa-alternance\/complement-en-amenagement-dinterieur-alt\/#breadcrumb"},"inLanguage":"fr-FR","potentialAction":[{"@type":"ReadAction","target":["https:\/\/indbg.be\/secondaire\/cefa-alternance\/complement-en-amenagement-dinterieur-alt\/"]}]},{"@type":"BreadcrumbList","@id":"https:\/\/indbg.be\/secondaire\/cefa-alternance\/complement-en-amenagement-dinterieur-alt\/#breadcrumb","itemListElement":[{"@type":"ListItem","position":1,"name":"Accueil","item":"https:\/\/indbg.be\/secondaire\/"},{"@type":"ListItem","position":2,"name":"7e Alternance","item":"https:\/\/indbg.be\/secondaire\/cefa-alternance\/"},{"@type":"ListItem","position":3,"name":"Compl\u00e9ment en agencement d\u2019int\u00e9rieur"}]},{"@type":"WebSite","@id":"https:\/\/indbg.be\/secondaire\/#website","url":"https:\/\/indbg.be\/secondaire\/","name":"Institut Notre-Dame Beauraing","description":"Une porte sur l&#039;avenir","publisher":{"@id":"https:\/\/indbg.be\/secondaire\/#organization"},"potentialAction":[{"@type":"SearchAction","target":{"@type":"EntryPoint","urlTemplate":"https:\/\/indbg.be\/secondaire\/?s={search_term_string}"},"query-input":"required name=search_term_string"}],"inLanguage":"fr-FR"},{"@type":"Organization","@id":"https:\/\/indbg.be\/secondaire\/#organization","name":"Institut Notre-Dame Beauraing","url":"https:\/\/indbg.be\/secondaire\/","logo":{"@type":"ImageObject","inLanguage":"fr-FR","@id":"https:\/\/indbg.be\/secondaire\/#\/schema\/logo\/image\/","url":"https:\/\/indbg.be\/secondaire\/wp-content\/uploads\/2022\/09\/LOGO_150px.png","contentUrl":"https:\/\/indbg.be\/secondaire\/wp-content\/uploads\/2022\/09\/LOGO_150px.png","width":150,"height":91,"caption":"Institut Notre-Dame Beauraing"},"image":{"@id":"https:\/\/indbg.be\/secondaire\/#\/schema\/logo\/image\/"}}]}},"_links":{"self":[{"href":"https:\/\/indbg.be\/secondaire\/wp-json\/wp\/v2\/pages\/1686","targetHints":{"allow":["GET"]}}],"collection":[{"href":"https:\/\/indbg.be\/secondaire\/wp-json\/wp\/v2\/pages"}],"about":[{"href":"https:\/\/indbg.be\/secondaire\/wp-json\/wp\/v2\/types\/page"}],"author":[{"embeddable":true,"href":"https:\/\/indbg.be\/secondaire\/wp-json\/wp\/v2\/users\/2"}],"replies":[{"embeddable":true,"href":"https:\/\/indbg.be\/secondaire\/wp-json\/wp\/v2\/comments?post=1686"}],"version-history":[{"count":4,"href":"https:\/\/indbg.be\/secondaire\/wp-json\/wp\/v2\/pages\/1686\/revisions"}],"predecessor-version":[{"id":3338,"href":"https:\/\/indbg.be\/secondaire\/wp-json\/wp\/v2\/pages\/1686\/revisions\/3338"}],"up":[{"embeddable":true,"href":"https:\/\/indbg.be\/secondaire\/wp-json\/wp\/v2\/pages\/1254"}],"wp:attachment":[{"href":"https:\/\/indbg.be\/secondaire\/wp-json\/wp\/v2\/media?parent=1686"}],"curies":[{"name":"wp","href":"https:\/\/api.w.org\/{rel}","templated":true}]}}